 is the remainder when 2395 is divided by 4?
3
Calculate the remainder when 4701 is divided by 21.
18
What is the remainder when 586 is divided by 14?
12
Calculate the remainder when 2490 is divided by 89.
87
What is the remainder when 245 is divided by 32?
21
Calculate the remainder when 1673 is divided by 308.
133
What is the remainder when 162 is divided by 1?
0
Calculate the remainder when 21669 is divided by 10.
9
What is the remainder when 232 is divided by 18?
16
What is the remainder when 1147 is divided by 311?
214
Calculate the remainder when 66 is divided by 12.
6
Calculate the remainder when 357 is divided by 36.
33
Calculate the remainder when 133 is divided by 31.
9
Calculate the remainder when 537 is divided by 202.
133
Calculate the remainder when 313 is divided by 77.
5
What is the remainder when 585 is divided by 98?
95
Calculate the remainder when 1198 is divided by 80.
78
Calculate the remainder when 426 is divided by 4.
2
Calculate the remainder when 1327 is divided by 159.
55
What is the remainder when 319 is divided by 16?
15
What is the remainder when 613 is divided by 11?
8
Calculate the remainder when 1127 is divided by 52.
35
Calculate the remainder when 1538 is divided by 110.
108
What is the remainder when 1045 is divided by 13?
5
What is the remainder when 8189 is divided by 195?
194
What is the remainder when 90 is divided by 13?
12
What is the remainder when 177 is divided by 55?
12
What is the remainder when 203 is divided by 8?
3
Calculate the remainder when 1182 is divided by 238.
230
Calculate the remainder when 85 is divided by 22.
19
What is the remainder when 2508 is divided by 193?
192
What is the remainder when 138 is divided by 39?
21
Calculate the remainder when 431 is divided by 182.
67
Calculate the remainder when 4207 is divided by 234.
229
What is the remainder when 432 is divided by 62?
60
What is the remainder when 572 is divided by 250?
72
Calculate the remainder when 233 is divided by 15.
8
What is the remainder when 128 is divided by 23?
13
What is the remainder when 4587 is divided by 102?
99
Calculate the remainder when 18127 is divided by 245.
242
What is the remainder when 45 is divided by 17?
11
What is the remainder when 101 is divided by 25?
1
What is the remainder when 260 is divided by 122?
16
Calculate the remainder when 457 is divided by 9.
7
What is the remainder when 52 is divided by 10?
2
What is the remainder when 1803 is divided by 14?
11
What is the remainder when 139 is divided by 106?
33
Calculate the remainder when 2214 is divided by 148.
142
Calculate the remainder when 372 is divided by 187.
185
What is the remainder when 197 is divided by 67?
63
Calculate the remainder when 384 is divided by 76.
4
What is the remainder when 291 is divided by 21?
18
Calculate the remainder when 104 is divided by 30.
14
What is the remainder when 18747 is divided by 125?
122
Calculate the remainder when 71 is divided by 26.
19
Calculate the remainder when 359 is divided by 14.
9
What is the remainder when 877 is divided by 110?
107
Calculate the remainder when 346 is divided by 32.
26
Calculate the remainder when 64 is divided by 16.
0
Calculate the remainder when 635 is divided by 211.
2
Calculate the remainder when 73 is divided by 32.
9
What is the remainder when 71 is divided by 34?
3
Calculate the remainder when 747 is divided by 154.
131
What is the remainder when 14 is divided by 9?
5
What is the remainder when 46 is divided by 44?
2
Calculate the remainder when 1647 is divided by 66.
63
Calculate the remainder when 28 is divided by 2.
0
Calculate the remainder when 96 is divided by 16.
0
Calculate the remainder when 124 is divided by 16.
12
What is the remainder when 127 is divided by 30?
7
What is the remainder when 48 is divided by 32?
16
Calculate the remainder when 73 is divided by 7.
3
What is the remainder when 1019 is divided by 60?
59
What is the remainder when 48 is divided by 25?
23
Calculate the remainder when 496 is divided by 361.
135
Calculate the remainder when 9630 is divided by 73.
67
Calculate the remainder when 386 is divided by 43.
42
Calculate the remainder when 161 is divided by 82.
79
Calculate the remainder when 23 is divided by 1.
0
What is the remainder when 411 is divided by 85?
71
What is the remainder when 556 is divided by 20?
16
What is the remainder when 101 is divided by 52?
49
What is the remainder when 7138 is divided by 60?
58
Calculate the remainder when 5497 is divided by 22.
19
What is the remainder when 675 is divided by 52?
51
What is the remainder when 113 is divided by 29?
26
What is the remainder when 47 is divided by 24?
23
Calculate the remainder when 96 is divided by 9.
6
What is the remainder when 700 is divided by 147?
112
Calculate the remainder when 7337 is divided by 5.
2
What is the remainder when 82 is divided by 22?
16
Calculate the remainder when 687 is divided by 112.
15
What is the remainder when 52 is divided by 11?
8
What is the remainder when 110 is divided by 28?
26
What is the remainder when 1110 is divided by 101?
100
What is the remainder when 216 is divided by 56?
48
Calculate the remainder when 29 is divided by 2.
1
Calculate the remainder when 447 is divided by 18.
15
Calculate the remainder when 1306 is divided by 12.
10
Calculate the remainder when 25 is divided by 4.
1
What is the remainder when 637 is divided by 116?
57
Calculate the remainder when 552 is divided by 15.
12
What is the remainder when 537 is divided by 36?
33
Calculate the remainder when 12606 is divided by 16.
14
What is the remainder when 473 is divided by 67?
4
Calculate the remainder when 1799 is divided by 34.
31
Calculate the remainder when 185 is divided by 31.
30
What is the remainder when 161 is divided by 12?
5
Calculate the remainder when 558 is divided by 271.
16
Calculate the remainder when 26875 is divided by 30.
25
Calculate the remainder when 2493 is divided by 26.
23
Calculate the remainder when 177 is divided by 12.
9
What is the remainder when 163 is divided by 21?
16
Calculate the remainder when 13 is divided by 6.
1
What is the remainder when 101 is divided by 15?
11
Calculate the remainder when 90 is divided by 15.
0
Calculate the remainder when 4218 is divided by 201.
198
What is the remainder when 475 is divided by 69?
61
What is the remainder when 3393 is divided by 33?
27
What is the remainder when 352 is divided by 51?
46
Calculate the remainder when 3838 is divided by 167.
164
Calculate the remainder when 15538 is divided by 60.
58
Calculate the remainder when 133 is divided by 15.
13
Calculate the remainder when 44 is divided by 29.
15
Calculate the remainder when 71 is divided by 12.
11
Calculate the remainder when 2637 is divided by 30.
27
What is the remainder when 63 is divided by 14?
7
Calculate the remainder when 67 is divided by 36.
31
Calculate the remainder when 262 is divided by 57.
34
Calculate the remainder when 876 is divided by 291.
3
Calculate the remainder when 175 is divided by 44.
43
Calculate the remainder when 86 is divided by 31.
24
Calculate the remainder when 31 is divided by 5.
1
Calculate the remainder when 245 is divided by 62.
59
Calculate the remainder when 67526 is divided by 184.
182
Calculate the remainder when 115 is divided by 17.
13
Calculate the remainder when 346 is divided by 332.
14
What is the remainder when 176 is divided by 53?
17
Calculate the remainder when 127 is divided by 55.
17
What is the remainder when 232 is divided by 59?
55
Calculate the remainder when 28 is divided by 15.
13
What is the remainder when 316 is divided by 72?
28
Calculate the remainder when 98 is divided by 27.
17
What is the remainder when 251 is divided by 78?
17
Calculate the remainder when 50 is divided by 19.
12
Calculate the remainder when 133 is divided by 64.
5
What is the remainder when 109 is divided by 32?
13
What is the remainder when 4330 is divided by 19?
17
Calculate the remainder when 458 is divided by 14.
10
Calculate the remainder when 336 is divided by 144.
48
Calculate the remainder when 163 is divided by 83.
80
What is the remainder when 382 is divided by 49?
39
Calculate the remainder when 741 is divided by 22.
15
Calculate the remainder when 231 is divided by 73.
12
What is